{"id":10,"date":"2017-07-07T11:22:56","date_gmt":"2017-07-07T11:22:56","guid":{"rendered":"http:\/\/www.auecamp.de\/?page_id=10"},"modified":"2025-04-04T09:40:15","modified_gmt":"2025-04-04T07:40:15","slug":"startseite","status":"publish","type":"page","link":"https:\/\/www.auecamp.de\/","title":{"rendered":"Das Auecamp"},"content":{"rendered":"\n<h2 class=\"wp-block-heading\">Osterfeuer 2025<\/h2>\n\n\n\n<p>Auch in diesem Jahr findet am Karsamstag 19,04.2025 findet ab 17 Uhr wieder unser Osterfeuer statt. Da wir in diesem Jahr schon sehr sp\u00e4t im Jahr sind, wird das Feuer 20 Uhr entz\u00fcndet.  <a href=\"https:\/\/www.auecamp.de\/?page_id=1465\" data-type=\"page\" data-id=\"1465\">N\u00e4here Infos gibt es hier<\/a><\/p>\n\n\n\n<figure class=\"wp-block-image size-large\"><img loading=\"lazy\" decoding=\"async\" width=\"1024\" height=\"666\" src=\"https:\/\/www.auecamp.de\/wp-content\/uploads\/2018\/03\/Osterfeuer-2-1024x666.jpg\" alt=\"\" class=\"wp-image-318\" srcset=\"https:\/\/www.auecamp.de\/wp-content\/uploads\/2018\/03\/Osterfeuer-2-1024x666.jpg 1024w, https:\/\/www.auecamp.de\/wp-content\/uploads\/2018\/03\/Osterfeuer-2-300x195.jpg 300w, https:\/\/www.auecamp.de\/wp-content\/uploads\/2018\/03\/Osterfeuer-2-768x499.jpg 768w, https:\/\/www.auecamp.de\/wp-content\/uploads\/2018\/03\/Osterfeuer-2.jpg 1134w\" sizes=\"(max-width: 706px) 89vw, (max-width: 767px) 82vw, 740px\" \/><figcaption class=\"wp-element-caption\">\t\t\t\t\t\t<\/figcaption><\/figure>\n\n\n\n<p>Eingebettet in eines der gr\u00f6\u00dften Naturschutzgebiete Europas liegt das Auecamp . <br>1500km\u00b2 unber\u00fchrte Wald- und Auenlandschaften laden zu ausf\u00fchrlichen Radwanderungen entlang von arch\u00e4ologischen Fundst\u00e4tten ein. <br><\/p>\n\n\n\n<p><\/p>\n\n\n\n<p><br><br><\/p>\n","protected":false},"excerpt":{"rendered":"<p>Osterfeuer 2025 Auch in diesem Jahr findet am Karsamstag 19,04.2025 findet ab 17 Uhr wieder unser Osterfeuer statt. Da wir in diesem Jahr schon sehr sp\u00e4t im Jahr sind, wird das Feuer 20 Uhr entz\u00fcndet. N\u00e4here Infos gibt es hier Eingebettet in eines der gr\u00f6\u00dften Naturschutzgebiete Europas liegt das Auecamp . 1500km\u00b2 unber\u00fchrte Wald- und &hellip; <\/p>\n<p class=\"link-more\"><a href=\"https:\/\/www.auecamp.de\/\" class=\"more-link\"><span class=\"screen-reader-text\">\u201eDas Auecamp\u201c<\/span> weiterlesen<\/a><\/p>\n","protected":false},"author":1,"featured_media":0,"parent":0,"menu_order":0,"comment_status":"closed","ping_status":"closed","template":"","meta":{"footnotes":""},"_links":{"self":[{"href":"https:\/\/www.auecamp.de\/index.php?rest_route=\/wp\/v2\/pages\/10"}],"collection":[{"href":"https:\/\/www.auecamp.de\/index.php?rest_route=\/wp\/v2\/pages"}],"about":[{"href":"https:\/\/www.auecamp.de\/index.php?rest_route=\/wp\/v2\/types\/page"}],"author":[{"embeddable":true,"href":"https:\/\/www.auecamp.de\/index.php?rest_route=\/wp\/v2\/users\/1"}],"replies":[{"embeddable":true,"href":"https:\/\/www.auecamp.de\/index.php?rest_route=%2Fwp%2Fv2%2Fcomments&post=10"}],"version-history":[{"count":7,"href":"https:\/\/www.auecamp.de\/index.php?rest_route=\/wp\/v2\/pages\/10\/revisions"}],"predecessor-version":[{"id":1555,"href":"https:\/\/www.auecamp.de\/index.php?rest_route=\/wp\/v2\/pages\/10\/revisions\/1555"}],"wp:attachment":[{"href":"https:\/\/www.auecamp.de\/index.php?rest_route=%2Fwp%2Fv2%2Fmedia&parent=10"}],"curies":[{"name":"wp","href":"https:\/\/api.w.org\/{rel}","templated":true}]}}