{"id":101,"date":"2017-07-08T12:42:08","date_gmt":"2017-07-08T12:42:08","guid":{"rendered":"http:\/\/www.auecamp.de\/?page_id=101"},"modified":"2017-07-08T12:42:08","modified_gmt":"2017-07-08T12:42:08","slug":"darc-camp-e-v","status":"publish","type":"page","link":"https:\/\/www.auecamp.de\/?page_id=101","title":{"rendered":"DARC-Camp e.V."},"content":{"rendered":"<p>\t\t\t\tBereits in den siebziger Jahren stellten Funkamateure fest, dass viele Aspekte \u00a0ihres Hobbys besser auf einem Campingplatz aufgehoben sind. Neben dem Fachsimpeln mit Gleichgesinnten hat man dort Platz, um z.B. mit neuen Antennenkonstruktionen zu experimentieren.<\/p>\n<p>Bis 2004 hatten die Funkamateure einen eigenen Platz in der Gemeinde Hatten. Danach wurde der Pachtvertrag nicht mehr verl\u00e4ngert und der Platz ging nach und nach f\u00fcr den Amateurfunk verloren.<\/p>\n<p>2015 beschlossen einige der Funkamateure, dass es wieder einen solchen Platz geben m\u00fcsste, auf dem der Amateurfunk Vorrang hat. Dazu wurde der gemeinn\u00fctzige Verein DARC-Camp e.V. gegr\u00fcndet. Aus den Bem\u00fchungen dieses Vereins ist letztlich das Projekt Auecamp hervorgegangen.<\/p>\n<p>Der Dachverband der Funkamateure in Deutschland (Deutscher Amateur Radio Club = DARC) unterst\u00fctzt das Projekt ideell.<\/p>\n<p>N\u00e4here Informationen zum Verein gibt es auf der Homepage des Vereins\u00a0<a href=\"http:\/\/www.darccamp.de\">http:\/\/www.darccamp.de<\/a><\/p>\n<p><strong>Um den Verein und den Amateurfunk im allgemeinen zu unterst\u00fctzen, bietet das Auecamp f\u00fcr Amateurfunk Veranstaltungen ab 10 Teilnehmern verg\u00fcnstigte \u00dcbernachtungen.\u00a0\u00a0<\/strong>\t\t<\/p>\n","protected":false},"excerpt":{"rendered":"<p>Bereits in den siebziger Jahren stellten Funkamateure fest, dass viele Aspekte \u00a0ihres Hobbys besser auf einem Campingplatz aufgehoben sind. Neben dem Fachsimpeln mit Gleichgesinnten hat man dort Platz, um z.B. mit neuen Antennenkonstruktionen zu experimentieren. Bis 2004 hatten die Funkamateure einen eigenen Platz in der Gemeinde Hatten. Danach wurde der Pachtvertrag nicht mehr verl\u00e4ngert und &hellip; <\/p>\n<p class=\"link-more\"><a href=\"https:\/\/www.auecamp.de\/?page_id=101\" class=\"more-link\"><span class=\"screen-reader-text\">\u201eDARC-Camp e.V.\u201c<\/span> weiterlesen<\/a><\/p>\n","protected":false},"author":1,"featured_media":0,"parent":0,"menu_order":0,"comment_status":"closed","ping_status":"closed","template":"","meta":{"footnotes":""},"_links":{"self":[{"href":"https:\/\/www.auecamp.de\/index.php?rest_route=\/wp\/v2\/pages\/101"}],"collection":[{"href":"https:\/\/www.auecamp.de\/index.php?rest_route=\/wp\/v2\/pages"}],"about":[{"href":"https:\/\/www.auecamp.de\/index.php?rest_route=\/wp\/v2\/types\/page"}],"author":[{"embeddable":true,"href":"https:\/\/www.auecamp.de\/index.php?rest_route=\/wp\/v2\/users\/1"}],"replies":[{"embeddable":true,"href":"https:\/\/www.auecamp.de\/index.php?rest_route=%2Fwp%2Fv2%2Fcomments&post=101"}],"version-history":[{"count":0,"href":"https:\/\/www.auecamp.de\/index.php?rest_route=\/wp\/v2\/pages\/101\/revisions"}],"wp:attachment":[{"href":"https:\/\/www.auecamp.de\/index.php?rest_route=%2Fwp%2Fv2%2Fmedia&parent=101"}],"curies":[{"name":"wp","href":"https:\/\/api.w.org\/{rel}","templated":true}]}}