{"id":806,"date":"2020-06-18T08:34:42","date_gmt":"2020-06-18T08:34:42","guid":{"rendered":"http:\/\/www.auecamp.de\/?page_id=806"},"modified":"2020-06-18T08:34:42","modified_gmt":"2020-06-18T08:34:42","slug":"aerzte-und-gesundheit","status":"publish","type":"page","link":"https:\/\/www.auecamp.de\/?page_id=806","title":{"rendered":"\u00c4rzte und Gesundheit"},"content":{"rendered":"\n\t\t\t\t\n<p>Im Urlaub hofft man sie nicht zu brauchen : \u00c4rzte und Krankenh\u00e4user. Wir w\u00fcnschen euch die Unten alles zum Thema Gesundheit in der N\u00e4he unseres Platzes.<br><br><strong>Wichtig : <\/strong><br>Bevor Du Dich ins Auto setzt, sei sicher, dass Du auch sicher beim Ziel ankommst und dass Dein Transport wirklich sicher ist. Denke daran, dass sich der Zustand des Patienten auch w\u00e4hrend der Fahrt verschlechtern k\u00f6nnte. Wenn Du Dir nicht absolut sicher bist, rufe den Notruf <strong>112. <\/strong><br><br>Sollte ein Notfall au\u00dferhalb der Praxis\u00f6ffnungszeiten auftreten, kannst Du jederzeit unter der bundeseinheitlichen Rufnummer des \u00e4rztlichen Notdienstes <strong>116117 <\/strong>erreichen. Dort erf\u00e4hrst Du den diensthabenden Bereitschaftsarzt. <\/p>\n\n\n\n\n<table id=\"tablepress-20\" class=\"tablepress tablepress-id-20\">\n<tbody class=\"row-hover\">\n<tr class=\"row-1 odd\">\n\t<td class=\"column-1\">Dr.med. Volker Kuhlmann <br \/>\nFacharzt f\u00fcr Allgemeinmedizin<\/td><td class=\"column-2\">04431 92840<\/td><td class=\"column-3\">4,8 km <a href=\"https:\/\/goo.gl\/maps\/JBEm9DWdypfeV1Ub9\" rel=\"noopener\" target=\"_blank\">Google Maps<\/a><\/td>\n<\/tr>\n<tr class=\"row-2 even\">\n\t<td class=\"column-1\">Dr. med. Ralf Unger<\/td><td class=\"column-2\">04431 2010<\/td><td class=\"column-3\">5,8km <a href=\"https:\/\/goo.gl\/maps\/849VSvbDb74XALG88\" rel=\"noopener\" target=\"_blank\">Google Maps<\/a><\/td>\n<\/tr>\n<tr class=\"row-3 odd\">\n\t<td class=\"column-1\">Dr. Diana und  Dr. Christian Ebbinghaus<br \/>\nAllgemein Medizin<br \/>\n<a href=\"https:\/\/www.aerzte-am-huntewehr.de\/\" rel=\"noopener\" target=\"_blank\">Homepage<\/a><\/td><td class=\"column-2\">04431 7396410<\/td><td class=\"column-3\">7.2 km <a href=\"https:\/\/goo.gl\/maps\/WN3j7hzbh4XoN79y8\" rel=\"noopener\" target=\"_blank\">Google Maps<\/a><\/td>\n<\/tr>\n<tr class=\"row-4 even\">\n\t<td class=\"column-1\">Krankenhaus Johanneum <br \/>\n(Mit Notfallambulanz)<br \/>\n<a href=\"https:\/\/krankenhausjohanneum.de\/\" rel=\"noopener\" target=\"_blank\">Homepage<\/a><\/td><td class=\"column-2\">04431 9820<\/td><td class=\"column-3\">5.7 km <a href=\"https:\/\/goo.gl\/maps\/r1eXgQ66C33inHDq8\" rel=\"noopener\" target=\"_blank\">Google Maps<\/a><\/td>\n<\/tr>\n<tr class=\"row-5 odd\">\n\t<td class=\"column-1\">Dr.med.dent.Heinz Gerdes<br \/>\nund Jeanette Vosding (Zahnarzt)<br \/>\n<\/td><td class=\"column-2\">04431 2559<\/td><td class=\"column-3\">5,3 km <a href=\"https:\/\/goo.gl\/maps\/3SiUHnjy8TPgqBoQA\" rel=\"noopener\" target=\"_blank\">Google Maps<\/a><\/td>\n<\/tr>\n<tr class=\"row-6 even\">\n\t<td class=\"column-1\">Die Insel am Westring <br \/>\n(Apotheke) <a href=\"https:\/\/dieinselamwestring.de\/\" rel=\"noopener\" target=\"_blank\">Homepage<\/a><\/td><td class=\"column-2\">04431 941470<\/td><td class=\"column-3\">4,5 km <a href=\"https:\/\/goo.gl\/maps\/uJAyM85G3yrwN1eUA\" rel=\"noopener\" target=\"_blank\">Google Maps<\/a><\/td>\n<\/tr>\n<tr class=\"row-7 odd\">\n\t<td class=\"column-1\">Dr. Ulli R\u00f6sel<br \/>\nKleintierpraxis<\/td><td class=\"column-2\">04431 929090<\/td><td class=\"column-3\">4.7 km <a href=\"https:\/\/goo.gl\/maps\/ojbUWQV9GmFkw2v39\" rel=\"noopener\" target=\"_blank\">Google Maps<\/a><\/td>\n<\/tr>\n<\/tbody>\n<\/table>\n<!-- #tablepress-20 from cache -->\n\t\t","protected":false},"excerpt":{"rendered":"<p>Im Urlaub hofft man sie nicht zu brauchen : \u00c4rzte und Krankenh\u00e4user. Wir w\u00fcnschen euch die Unten alles zum Thema Gesundheit in der N\u00e4he unseres Platzes. Wichtig : Bevor Du Dich ins Auto setzt, sei sicher, dass Du auch sicher beim Ziel ankommst und dass Dein Transport wirklich sicher ist. Denke daran, dass sich der &hellip; <\/p>\n<p class=\"link-more\"><a href=\"https:\/\/www.auecamp.de\/?page_id=806\" class=\"more-link\"><span class=\"screen-reader-text\">\u201e\u00c4rzte und Gesundheit\u201c<\/span> weiterlesen<\/a><\/p>\n","protected":false},"author":1,"featured_media":0,"parent":0,"menu_order":0,"comment_status":"closed","ping_status":"closed","template":"","meta":{"footnotes":""},"_links":{"self":[{"href":"https:\/\/www.auecamp.de\/index.php?rest_route=\/wp\/v2\/pages\/806"}],"collection":[{"href":"https:\/\/www.auecamp.de\/index.php?rest_route=\/wp\/v2\/pages"}],"about":[{"href":"https:\/\/www.auecamp.de\/index.php?rest_route=\/wp\/v2\/types\/page"}],"author":[{"embeddable":true,"href":"https:\/\/www.auecamp.de\/index.php?rest_route=\/wp\/v2\/users\/1"}],"replies":[{"embeddable":true,"href":"https:\/\/www.auecamp.de\/index.php?rest_route=%2Fwp%2Fv2%2Fcomments&post=806"}],"version-history":[{"count":0,"href":"https:\/\/www.auecamp.de\/index.php?rest_route=\/wp\/v2\/pages\/806\/revisions"}],"wp:attachment":[{"href":"https:\/\/www.auecamp.de\/index.php?rest_route=%2Fwp%2Fv2%2Fmedia&parent=806"}],"curies":[{"name":"wp","href":"https:\/\/api.w.org\/{rel}","templated":true}]}}